{"id":104,"date":"2021-11-22T12:23:24","date_gmt":"2021-11-22T11:23:24","guid":{"rendered":"https:\/\/hydroizolacja.net\/?page_id=104"},"modified":"2021-11-22T12:26:21","modified_gmt":"2021-11-22T11:26:21","slug":"tynki-elewacyjne","status":"publish","type":"page","link":"https:\/\/hydroizolacja.net\/index.php\/tynki-elewacyjne\/","title":{"rendered":"Tynki elewacyjne"},"content":{"rendered":"<p>[et_pb_section fb_built=&#8221;1&#8243; fullwidth=&#8221;on&#8221; _builder_version=&#8221;4.7.7&#8243; _module_preset=&#8221;default&#8221; bottom_divider_style=&#8221;arrow3&#8243; bottom_divider_color=&#8221;#FFFFFF&#8221; bottom_divider_height=&#8221;35px&#8221;][et_pb_fullwidth_post_title meta=&#8221;off&#8221; featured_image=&#8221;off&#8221; text_color=&#8221;light&#8221; _builder_version=&#8221;4.7.7&#8243; _module_preset=&#8221;default&#8221; title_font=&#8221;|800||on|||||&#8221; title_text_align=&#8221;center&#8221; title_font_size=&#8221;29px&#8221; title_letter_spacing=&#8221;1px&#8221; background_color=&#8221;#e09900&#8243; use_background_color_gradient=&#8221;on&#8221; background_color_gradient_start=&#8221;#1aaf00&#8243; background_color_gradient_end=&#8221;#048400&#8243; text_orientation=&#8221;center&#8221; max_width=&#8221;100%&#8221; min_height=&#8221;100px&#8221; height=&#8221;206px&#8221; custom_margin=&#8221;0px||||false|false&#8221; custom_padding=&#8221;73px||50px||false|false&#8221; text_shadow_style=&#8221;preset2&#8243;][\/et_pb_fullwidth_post_title][\/et_pb_section][et_pb_section fb_built=&#8221;1&#8243; _builder_version=&#8221;4.7.7&#8243; _module_preset=&#8221;default&#8221;][et_pb_row column_structure=&#8221;1_3,1_3,1_3&#8243; _builder_version=&#8221;4.7.7&#8243; _module_preset=&#8221;default&#8221;][et_pb_column type=&#8221;1_3&#8243; _builder_version=&#8221;4.7.7&#8243; _module_preset=&#8221;default&#8221;][et_pb_image src=&#8221;https:\/\/hydroizolacja.net\/wp-content\/uploads\/2021\/11\/Masa-tynkarska-akrylowa.jpg&#8221; alt=&#8221;Masa tynkarska akrylowa&#8221; title_text=&#8221;Masa tynkarska akrylowa&#8221; align=&#8221;center&#8221; force_fullwidth=&#8221;on&#8221; _builder_version=&#8221;4.7.7&#8243; _module_preset=&#8221;default&#8221; min_height=&#8221;121px&#8221; custom_margin=&#8221;0px||||false|false&#8221; animation_style=&#8221;fade&#8221; border_width_top=&#8221;1px&#8221; border_width_bottom=&#8221;7px&#8221; border_color_bottom=&#8221;#1aaf00&#8243; box_shadow_style=&#8221;preset1&#8243;][\/et_pb_image][et_pb_text _builder_version=&#8221;4.7.7&#8243; _module_preset=&#8221;default&#8221;]<\/p>\n<h3>Masa tynkarska akrylowa<\/h3>\n<p>Akrylowa masa tynkarska do nak\u0142adania r\u0119cznego do wykonywania dekoracyjnych i ochronnych cienkowarstwowych wypraw tynkarskich na zewn\u0105trz i wewn\u0105trz budynk\u00f3w.<\/p>\n<p>[\/et_pb_text][et_pb_button button_url=&#8221;https:\/\/www.artbud.pl\/pl\/p\/Masa-tynkarska-akrylowa-Bolix-KA-1%2C5\/968&#8243; button_text=&#8221;sprawd\u017a&#8221; _builder_version=&#8221;4.7.7&#8243; _module_preset=&#8221;default&#8221; custom_button=&#8221;on&#8221; button_text_size=&#8221;19px&#8221; button_text_color=&#8221;#ffffff&#8221; button_bg_color=&#8221;#e09900&#8243; button_bg_use_color_gradient=&#8221;on&#8221; button_bg_color_gradient_start=&#8221;#1aaf00&#8243; button_bg_color_gradient_end=&#8221;#138e00&#8243; button_border_width=&#8221;0px&#8221; button_border_color=&#8221;#ffffff&#8221; button_border_radius=&#8221;0px&#8221; button_font=&#8221;|600|on|||on|||&#8221; button_icon=&#8221;%%3%%&#8221;][\/et_pb_button][\/et_pb_column][et_pb_column type=&#8221;1_3&#8243; _builder_version=&#8221;4.7.7&#8243; _module_preset=&#8221;default&#8221;][et_pb_image src=&#8221;https:\/\/hydroizolacja.net\/wp-content\/uploads\/2021\/11\/Modelowany-tynk-dekoracyjny.jpg&#8221; alt=&#8221;Modelowany tynk dekoracyjny&#8221; title_text=&#8221;Modelowany tynk dekoracyjny&#8221; align=&#8221;center&#8221; force_fullwidth=&#8221;on&#8221; _builder_version=&#8221;4.7.7&#8243; _module_preset=&#8221;default&#8221; min_height=&#8221;121px&#8221; custom_margin=&#8221;0px||||false|false&#8221; animation_style=&#8221;fade&#8221; border_width_top=&#8221;1px&#8221; border_width_bottom=&#8221;7px&#8221; border_color_bottom=&#8221;#1aaf00&#8243; box_shadow_style=&#8221;preset1&#8243; locked=&#8221;off&#8221;][\/et_pb_image][et_pb_text _builder_version=&#8221;4.7.7&#8243; _module_preset=&#8221;default&#8221;]<\/p>\n<h3>Modelowany tynk dekoracyjny<\/h3>\n<p>Tynk dekoracyjny Baumit CreativTop gotowy do u\u017cycia dyspersyjny tynk cienkowarstwowy z domieszk\u0105 emulsji \u017cywicy silikonowej<br \/>do kreatywnego modelowania warstwy wierzchniej elewacji.<\/p>\n<p>[\/et_pb_text][et_pb_button button_url=&#8221;https:\/\/www.artbud.pl\/pl\/p\/Modelowany-tynk-dekoracyjny-CreativTop-Vario-Life-BAUMIT\/34807&#8243; button_text=&#8221;sprawd\u017a&#8221; _builder_version=&#8221;4.7.7&#8243; _module_preset=&#8221;default&#8221; custom_button=&#8221;on&#8221; button_text_size=&#8221;19px&#8221; button_text_color=&#8221;#ffffff&#8221; button_bg_color=&#8221;#e09900&#8243; button_bg_use_color_gradient=&#8221;on&#8221; button_bg_color_gradient_start=&#8221;#1aaf00&#8243; button_bg_color_gradient_end=&#8221;#138e00&#8243; button_border_width=&#8221;0px&#8221; button_border_color=&#8221;#ffffff&#8221; button_border_radius=&#8221;0px&#8221; button_font=&#8221;|600|on|||on|||&#8221; button_icon=&#8221;%%3%%&#8221;][\/et_pb_button][\/et_pb_column][et_pb_column type=&#8221;1_3&#8243; _builder_version=&#8221;4.7.7&#8243; _module_preset=&#8221;default&#8221;][et_pb_image src=&#8221;https:\/\/hydroizolacja.net\/wp-content\/uploads\/2021\/11\/Tynk-akrylowy.jpg&#8221; alt=&#8221;Tynk akrylowy&#8221; title_text=&#8221;Tynk akrylowy&#8221; align=&#8221;center&#8221; force_fullwidth=&#8221;on&#8221; _builder_version=&#8221;4.7.7&#8243; _module_preset=&#8221;default&#8221; min_height=&#8221;121px&#8221; custom_margin=&#8221;0px||||false|false&#8221; animation_style=&#8221;fade&#8221; border_width_top=&#8221;1px&#8221; border_width_bottom=&#8221;7px&#8221; border_color_bottom=&#8221;#1aaf00&#8243; box_shadow_style=&#8221;preset1&#8243; locked=&#8221;off&#8221;][\/et_pb_image][et_pb_text _builder_version=&#8221;4.7.7&#8243; _module_preset=&#8221;default&#8221;]<\/p>\n<h3>Tynk akrylowy<\/h3>\n<p><strong>Tynk Ceresit CT 60<\/strong><span>\u00a0s\u0142u\u017cy do wykonywania cienkowarstwowych wypraw tynkarskich w systemach ocieple\u0144, na pod\u0142o\u017cach betonowych, tradycyjnych tynkach, pod\u0142o\u017cach gipsowych oraz na p\u0142ytach wi\u00f3rowych.\u00a0<\/span><\/p>\n<p>[\/et_pb_text][et_pb_button button_url=&#8221;https:\/\/www.artbud.pl\/pl\/p\/Tynk-akrylowy%2C-faktura-kamyczkowa-ziarno-1%2C5-mm-2%2C0-mm-lub-2%2C5-mm-Ceresit-CT-60-\/1320&#8243; button_text=&#8221;sprawd\u017a&#8221; _builder_version=&#8221;4.7.7&#8243; _module_preset=&#8221;default&#8221; custom_button=&#8221;on&#8221; button_text_size=&#8221;19px&#8221; button_text_color=&#8221;#ffffff&#8221; button_bg_color=&#8221;#e09900&#8243; button_bg_use_color_gradient=&#8221;on&#8221; button_bg_color_gradient_start=&#8221;#1aaf00&#8243; button_bg_color_gradient_end=&#8221;#138e00&#8243; button_border_width=&#8221;0px&#8221; button_border_color=&#8221;#ffffff&#8221; button_border_radius=&#8221;0px&#8221; button_font=&#8221;|600|on|||on|||&#8221; button_icon=&#8221;%%3%%&#8221;][\/et_pb_button][\/et_pb_column][\/et_pb_row][et_pb_row _builder_version=&#8221;4.7.7&#8243; _module_preset=&#8221;default&#8221;][et_pb_column type=&#8221;4_4&#8243; _builder_version=&#8221;4.7.7&#8243; _module_preset=&#8221;default&#8221;][et_pb_text _builder_version=&#8221;4.7.7&#8243; _module_preset=&#8221;default&#8221;]<\/p>\n<h1><b>Tynki elewacyjne<\/b><\/h1>\n<p><b>Tynki elewacyjne<\/b><span style=\"font-weight: 400;\"> s\u0105 nak\u0142adane na \u015bciany zewn\u0119trzne budynk\u00f3w. To najcz\u0119stsza metoda wyka\u0144czania tych powierzchni. W sprzeda\u017cy znajduj\u0105 si\u0119 produkty silikonowe, a tak\u017ce tynki z podzia\u0142em na te cienko i grubowarstwowe.\u00a0<\/span><\/p>\n<p><span style=\"font-weight: 400;\">W og\u00f3lnodost\u0119pnej sprzeda\u017cy znajduj\u0105 si\u0119 <\/span><b>tynki elewacyjne<\/b><span style=\"font-weight: 400;\"> cienkowarstwowe i grubowarstwowe. Produkty te mog\u0105 by\u0107 nak\u0142adane na \u015bciany zewn\u0119trzne, z kt\u00f3rych sk\u0142ada si\u0119 wybrany budynek mieszkalny lub gospodarczy. <\/span><a href=\"https:\/\/www.artbud.pl\/pl\/c\/Tynki-elewacyjne-akrylowe-i-akrylowo-silikonowe\/1946\"><b>Tynki elewacyjne<\/b><\/a><span style=\"font-weight: 400;\"> cienkowarstwowe mo\u017cna wykorzysta\u0107 do zabezpieczenia \u015bcian ocieplonych metod\u0105 lekk\u0105 mokr\u0105. Proponowane przez nas produkty s\u0105 dost\u0119pne w postaci suchej mieszanki, przeznaczonej do rozrobienia z wod\u0105. Istniej\u0105 tak\u017ce produkty gotowe do nak\u0142adania od razu po wyj\u0119ciu z opakowania. Nie wymagaj\u0105 one dodatkowych zabieg\u00f3w w postaci malowania czy te\u017c czasoch\u0142onnego mieszania poszczeg\u00f3lnych sk\u0142adnik\u00f3w. <\/span><b>Tynki elewacyjne<\/b><span style=\"font-weight: 400;\"> cienkowarstwowe nak\u0142ada si\u0119 na ocieplenie wy\u0142\u0105cznie, gdy jest ono pokryte warstw\u0105 zaprawy klejowej, w kt\u00f3rej zatopiona jest siatka z w\u0142\u00f3kna szklanego. Taki tynk tworzy pow\u0142ok\u0119 o grubo\u015bci nie przekraczaj\u0105cej 10 mm. Nak\u0142ada si\u0119 go przy pomocy pacy nierdzewnej, zaczynaj\u0105c od g\u00f3ry \u015bciany. <\/span><b>Tynki elewacyjne<\/b><span style=\"font-weight: 400;\"> cienkowarstwowe nie nadaj\u0105 si\u0119 do wyka\u0144czania \u015bcian wewn\u0119trznych.\u00a0<\/span><\/p>\n<h1><b>Tynki elewacyjne stosowane w nowoczesnym budownictwie\u00a0<\/b><\/h1>\n<p><span style=\"font-weight: 400;\">Dobrej jako\u015bci <\/span><b>tynki elewacyjne<\/b><span style=\"font-weight: 400;\"> mog\u0105 by\u0107 produktami mineralnymi, wyr\u00f3\u017cniaj\u0105cymi si\u0119 wysok\u0105 paroprzepuszczalno\u015bci\u0105. Z uwagi na to, produkty te zosta\u0142y stworzone g\u0142\u00f3wnie do tynkowania \u015bcian ocieplonych przy pomocy we\u0142ny mineralnej. Nale\u017cy pami\u0119ta\u0107, \u017ce tego typu produkty nie s\u0105 odporne na dzia\u0142anie negatywnych czynnik\u00f3w zewn\u0119trznych w postaci intensywnych opad\u00f3w atmosferycznych. Dlatego te\u017c <\/span><b>tynki elewacyjne<\/b><span style=\"font-weight: 400;\"> mineralne mog\u0105 by\u0107 zast\u0105pione produktami akrylowymi o wysokiej elastyczno\u015bci i dobrym stopniu ochrony \u015bciany przed wod\u0105 opadow\u0105. Bardzo niska paroprzepuszczalno\u015b\u0107 tynk\u00f3w akrylowych, uniemo\u017cliwia ich nak\u0142adanie na we\u0142n\u0119 mineraln\u0105. Dost\u0119pne w asortymencie naszego sklepu internetowego <\/span><b>tynki elewacyjne<\/b><span style=\"font-weight: 400;\"> akrylowe to nie jedyne materia\u0142y, kt\u00f3re s\u0105 stosowane w nowoczesnym budownictwie. W trakcie tworzenia tynk\u00f3w na \u015bcianach zewn\u0119trznych budynk\u00f3w pasywnych, energooszcz\u0119dnych, a tak\u017ce apartamentowc\u00f3w czy dom\u00f3w jedno i wielorodzinnych, cz\u0119sto stosuje si\u0119 r\u00f3wnie\u017c produkty o nieco wy\u017cszej cenie. Do tej grupy zaliczane s\u0105, rekomendowane przez nasz sklep internetowy tynki silikatowe i silikonowe. Wyroby te s\u0105 znacznie trwalsze ni\u017c wymienione wy\u017cej tynki akrylowe czy mineralne. Doskona\u0142e w\u0142a\u015bciwo\u015bci, kt\u00f3re posiadaj\u0105 <\/span><b>tynki silikonowe<\/b><span style=\"font-weight: 400;\"> i silikatowe, sprawia, \u017ce mo\u017cna je nak\u0142ada\u0107 na \u015bciany nara\u017cone na korozj\u0119 biologiczn\u0105.\u00a0<\/span><\/p>\n<h2><b>Jakie zalety maj\u0105 tynki silikonowe?<\/b><\/h2>\n<p><span style=\"font-weight: 400;\">W zr\u00f3\u017cnicowanym asortymencie naszego sklepu internetowego dost\u0119pne s\u0105 <\/span><b>tynki silikonowe<\/b><span style=\"font-weight: 400;\">. To materia\u0142y budowlane o potwierdzonej laboratoryjnie trwa\u0142o\u015bci i estetycznym wygl\u0105dzie. Osoby, kt\u00f3rym zale\u017cy na tym, aby elewacja ich domu lub budynku gospodarczego, przetrwa\u0142a przez wiele lat, niezale\u017cnie od panuj\u0105cych warunk\u00f3w atmosferycznych, mog\u0105 zdecydowa\u0107 si\u0119 na oferowane przez nas <\/span><b>tynki silikonowe<\/b><span style=\"font-weight: 400;\">. Produkty te posiadaj\u0105 starannie skomponowany sk\u0142ad. To najwy\u017cszej jako\u015bci, sprawdzone materia\u0142y budowlane, dzi\u0119ki kt\u00f3rym mo\u017cna stworzy\u0107 estetyczne, a jednocze\u015bnie trwa\u0142e pow\u0142oki. Wykonanie elewacji odpornej na uszkodzenia mechaniczne by\u0142o do niedawna zadaniem niemo\u017cliwym do realizacji. Jednak\u017ce post\u0119p technologiczny przyni\u00f3s\u0142 nowe, sprawdzone rozwi\u0105zania. Jednym z nich s\u0105 <\/span><b>tynki silikonowe<\/b><span style=\"font-weight: 400;\">, stosowane w systemach ocieple\u0144. Dzi\u0119ki nim mo\u017cna uzyska\u0107 doskona\u0142y efekt, bez potrzeby anga\u017cowania sporej ilo\u015bci \u015brodk\u00f3w finansowych. Polecane przez nas <\/span><b>tynki silikonowe<\/b><span style=\"font-weight: 400;\"> ciesz\u0105 si\u0119 ogromnym zainteresowaniem, zar\u00f3wno klient\u00f3w indywidualnych, jak i w\u0142a\u015bcicieli firm budowlanych, remontowych i wyko\u0144czeniowych. To produkty odporne na r\u00f3\u017cnego typu uszkodzenia mechaniczne, w tym tak\u017ce uderzenia przedmiotami, odbarwienia elewacji spowodowane przystawieniem do niej drabiny b\u0105d\u017a roweru, a tak\u017ce porastanie mchem czy matowienie koloru pod wp\u0142ywem promieni UV.\u00a0<\/span><\/p>\n<h3><b>Ochrona elewacji budynk\u00f3w \u2013 dobrej jako\u015bci tynki silikonowe<\/b><\/h3>\n<p><span style=\"font-weight: 400;\">Nowoczesne <\/span><b>tynki silikonowe<\/b><span style=\"font-weight: 400;\"> s\u0105 odporne na zmienne warunki atmosferyczne i napr\u0119\u017cenia termiczne, a tak\u017ce silny wiatr i gradobicie. Warstwa zbroj\u0105ca z prawid\u0142owo zastosowanym preparatem w postaci kleju, gwarantuje, \u017ce tworzona elewacja b\u0119dzie skuteczniej zabezpieczona przed dzia\u0142aniem wysokich temperatur, promieniowania s\u0142onecznego, przymrozk\u00f3w czy odkszta\u0142ce\u0144, spowodowanych zmianami klimatycznymi. Warto wspomnie\u0107, \u017ce nieco dro\u017csze tynki z silikonem, w por\u00f3wnaniu do produkt\u00f3w akrylowych czy mineralnych, wykazuj\u0105 odporno\u015b\u0107 na p\u0119kanie, powsta\u0142e na skutek bardzo silnego wiatru i si\u0142 ss\u0105cych. Nale\u017cy pami\u0119ta\u0107, \u017ce rekomendowane przez nas <\/span><b>tynki silikonowe<\/b><span style=\"font-weight: 400;\"> nie ulegaj\u0105 uszkodzeniu pod wp\u0142ywem gradobicia. Wysokiej jako\u015bci tynki typu silikon maj\u0105 podobne w\u0142a\u015bciwo\u015bci, jak produkty silikatowe, jednak\u017ce pomi\u0119dzy tymi materia\u0142ami budowlanymi zachodz\u0105 pewne zauwa\u017calne r\u00f3\u017cnice. <\/span><b>Tynki silikonowe<\/b><span style=\"font-weight: 400;\"> stosowane s\u0105 do wykonywania cienkowarstwowych pow\u0142ok wykazuj\u0105 w\u0142a\u015bciwo\u015bci ochronne, zabezpieczaj\u0105ce fasady budynk\u00f3w przed porastaniem ple\u015bni, grzyb\u00f3w czy innych mikroorganizm\u00f3w. Wysoka paroprzepuszczalno\u015b\u0107, kt\u00f3r\u0105 posiadaj\u0105 <\/span><b>tynki silikonowe<\/b><span style=\"font-weight: 400;\"> z naszego sklepu internetowego eliminuje problem powstawania tak zwanych wykwit\u00f3w tynkowych, negatywnie wp\u0142ywaj\u0105cych na estetyczny wygl\u0105d danej elewacji.\u00a0<\/span><\/p>\n<p>&nbsp;<\/p>\n<p><span style=\"font-weight: 400;\">\u0141atwe do nak\u0142adania <\/span><b>tynki elewacyjne<\/b><span style=\"font-weight: 400;\"> wyr\u00f3\u017cniaj\u0105 si\u0119 podwy\u017cszon\u0105 odporno\u015bci\u0105 na zabrudzenia. Ich innowacyjna formu\u0142a gwarantuje ich szybsze wysychanie i estetyczny wygl\u0105d przez bardzo d\u0142ugi czas.<\/span><\/p>\n<p>[\/et_pb_text][\/et_pb_column][\/et_pb_row][\/et_pb_section]<\/p>\n","protected":false},"excerpt":{"rendered":"<p>[et_pb_section fb_built=&#8221;1&#8243; fullwidth=&#8221;on&#8221; _builder_version=&#8221;4.7.7&#8243; _module_preset=&#8221;default&#8221; bottom_divider_style=&#8221;arrow3&#8243; bottom_divider_color=&#8221;#FFFFFF&#8221; bottom_divider_height=&#8221;35px&#8221;][et_pb_fullwidth_post_title meta=&#8221;off&#8221; featured_image=&#8221;off&#8221; text_color=&#8221;light&#8221; _builder_version=&#8221;4.7.7&#8243; _module_preset=&#8221;default&#8221; title_font=&#8221;|800||on|||||&#8221; title_text_align=&#8221;center&#8221; title_font_size=&#8221;29px&#8221; title_letter_spacing=&#8221;1px&#8221; background_color=&#8221;#e09900&#8243; use_background_color_gradient=&#8221;on&#8221; background_color_gradient_start=&#8221;#1aaf00&#8243; background_color_gradient_end=&#8221;#048400&#8243; text_orientation=&#8221;center&#8221; max_width=&#8221;100%&#8221; min_height=&#8221;100px&#8221; height=&#8221;206px&#8221; custom_margin=&#8221;0px||||false|false&#8221; custom_padding=&#8221;73px||50px||false|false&#8221; text_shadow_style=&#8221;preset2&#8243;][\/et_pb_fullwidth_post_title][\/et_pb_section][et_pb_section fb_built=&#8221;1&#8243; _builder_version=&#8221;4.7.7&#8243; _module_preset=&#8221;default&#8221;][et_pb_row column_structure=&#8221;1_3,1_3,1_3&#8243; _builder_version=&#8221;4.7.7&#8243; _module_preset=&#8221;default&#8221;][et_pb_column type=&#8221;1_3&#8243; _builder_version=&#8221;4.7.7&#8243; _module_preset=&#8221;default&#8221;][et_pb_image src=&#8221;https:\/\/hydroizolacja.net\/wp-content\/uploads\/2021\/11\/Masa-tynkarska-akrylowa.jpg&#8221; alt=&#8221;Masa tynkarska akrylowa&#8221; title_text=&#8221;Masa tynkarska akrylowa&#8221; align=&#8221;center&#8221; force_fullwidth=&#8221;on&#8221; _builder_version=&#8221;4.7.7&#8243; _module_preset=&#8221;default&#8221; min_height=&#8221;121px&#8221; custom_margin=&#8221;0px||||false|false&#8221; animation_style=&#8221;fade&#8221; border_width_top=&#8221;1px&#8221; border_width_bottom=&#8221;7px&#8221; border_color_bottom=&#8221;#1aaf00&#8243; box_shadow_style=&#8221;preset1&#8243;][\/et_pb_image][et_pb_text [&hellip;]<\/p>\n","protected":false},"author":1,"featured_media":0,"parent":0,"menu_order":0,"comment_status":"closed","ping_status":"closed","template":"","meta":{"_et_pb_use_builder":"on","_et_pb_old_content":"","_et_gb_content_width":"","_monsterinsights_skip_tracking":false,"_monsterinsights_sitenote_active":false,"_monsterinsights_sitenote_note":"","_monsterinsights_sitenote_category":0,"footnotes":""},"class_list":["post-104","page","type-page","status-publish","hentry"],"aioseo_notices":[],"_links":{"self":[{"href":"https:\/\/hydroizolacja.net\/index.php\/wp-json\/wp\/v2\/pages\/104","targetHints":{"allow":["GET"]}}],"collection":[{"href":"https:\/\/hydroizolacja.net\/index.php\/wp-json\/wp\/v2\/pages"}],"about":[{"href":"https:\/\/hydroizolacja.net\/index.php\/wp-json\/wp\/v2\/types\/page"}],"author":[{"embeddable":true,"href":"https:\/\/hydroizolacja.net\/index.php\/wp-json\/wp\/v2\/users\/1"}],"replies":[{"embeddable":true,"href":"https:\/\/hydroizolacja.net\/index.php\/wp-json\/wp\/v2\/comments?post=104"}],"version-history":[{"count":6,"href":"https:\/\/hydroizolacja.net\/index.php\/wp-json\/wp\/v2\/pages\/104\/revisions"}],"predecessor-version":[{"id":115,"href":"https:\/\/hydroizolacja.net\/index.php\/wp-json\/wp\/v2\/pages\/104\/revisions\/115"}],"wp:attachment":[{"href":"https:\/\/hydroizolacja.net\/index.php\/wp-json\/wp\/v2\/media?parent=104"}],"curies":[{"name":"wp","href":"https:\/\/api.w.org\/{rel}","templated":true}]}}